{"id":5,"date":"2017-08-14T20:19:57","date_gmt":"2017-08-14T20:19:57","guid":{"rendered":"http:\/?page_id=2"},"modified":"2017-10-05T14:57:19","modified_gmt":"2017-10-05T14:57:19","slug":"home","status":"publish","type":"page","link":"https:\/\/polnadent.pl\/","title":{"rendered":"HOME"},"content":{"rendered":"<div style=\"position: absolute; left: -40px; top: 465px; width: 1px; height: 1px; overflow: hidden;\" data-mce-bogus=\"1\" class=\"mcePaste\" id=\"_mcePaste\">\n<pre wrap=\"\">\n<h1>Dentysta, Stomatolog Olsztyn. Dentysta Olsztyn Katarzyna \u017b\u00f3\u0142kiewicz-Kaba<\/h1>\n<h2>Dentysta Olsztyn<br \/>\nKatarzyna \u017b\u00f3\u0142kiewicz-Kaba\u0107 Pracownia Stomatologiczna Ul. Polna 14\/1<\/h2>\n<h2>Zdrowy u\u015bmiech<\/h2>\n<h3>pi\u0119kny u\u015bmiech<\/h3>\n<h3dentysta olsztyn<\/h3>\n<h4>Gabinet Stomatologiczny Polnadent w Olsztynie<\/h4>\n<h4>zabieg w gabinecie stomatologicznym w olsztynie<\/h4>\n<h4>Stomatolog Olsztyn<\/h4>\n<h4>Stomatolog Olsztyn<\/h4>\n<h3>Zakres<\/h3>\n<h4>us\u0142ug<\/h4>\n<h4>Profilaktyka<\/h4>\n<h4>Leczenie zachowawcze<\/h4>\n<h2>Leczenie kana\u0142owe<\/h2>\n<h2>Protetyka<\/h2>\n<h2>Diagnostyka radiologiczna<\/h2>\n<h5>Wybielanie z\u0119b\u00f3w<\/h5>\n<p>dentysta olsztyn stomatolog polnadent. Pani Katarzyna \u017b\u00f3\u0142kiewicz Kaba\u0107 to doskona\u0142y lekarz medycyny stomatologicznej. Jej specjalno\u015b\u0107 to stomatologia dzieci\u0119ca wi\u0119c jej gabinety to doskona\u0142e miejsce aby zadba\u0107 o zdrowy u\u015bmiech ca\u0142ej rodziny.<br \/>\nOdpowiednie podej\u015bcie do pacjenta to jej klucz do sukcesu.<br \/>\nWizyta u Dentysty W Olsztynie to najlepszy spos\u00f3b aby zadba\u0107 o sw\u00f3j zdrowy u\u015bmiech.<br \/>\nStomatolog Olsztyn Dentysta Katarzyna \u017b\u00f3\u0142kiewicz-Kaba\u0107 tworzy w swoich gabinetach atmosfer\u0119 bezpiecze\u0144stwa. Nowoczesny wystr\u00f3j oraz Najlepsze narz\u0119dzia pozawalaj\u0105 \u015bwiadczy\u0107 us\u0142ugi na najwy\u017cszym poziomie.<br \/>\ndentysta olsztyn stomatolog polnadent. Pani Katarzyna \u017b\u00f3\u0142kiewicz Kaba\u0107 to doskona\u0142y lekarz medycyny stomatologicznej. Jej specjalno\u015b\u0107 to stomatologia dzieci\u0119ca wi\u0119c jej gabinety to doskona\u0142e miejsce aby zadba\u0107 o zdrowy u\u015bmiech ca\u0142ej rodziny.<br \/>\nOdpowiednie podej\u015bcie do pacjenta to jej klucz do sukcesu.<br \/>\nWizyta u Dentysty W Olsztynie to najlepszy spos\u00f3b aby zadba\u0107 o sw\u00f3j zdrowy u\u015bmiech.<br \/>\nStomatolog Olsztyn Dentysta Katarzyna \u017b\u00f3\u0142kiewicz-Kaba\u0107 tworzy w swoich gabinetach atmosfer\u0119 bezpiecze\u0144stwa. Nowoczesny wystr\u00f3j oraz Najlepsze narz\u0119dzia pozawalaj\u0105 \u015bwiadczy\u0107 us\u0142ugi na najwy\u017cszym poziomie. dentysta olsztyn stomatolog polnadent. Pani Katarzyna \u017b\u00f3\u0142kiewicz Kaba\u0107 to doskona\u0142y lekarz medycyny stomatologicznej. Jej specjalno\u015b\u0107 to stomatologia dzieci\u0119ca wi\u0119c jej gabinety to doskona\u0142e miejsce aby zadba\u0107 o zdrowy u\u015bmiech ca\u0142ej rodziny.<br \/>\nOdpowiednie podej\u015bcie do pacjenta to jej klucz do sukcesu. <\/p>\n<h5>Stomatologia Dzieci\u0119ca<\/h5>\n<p>Wizyta u Dentysty W Olsztynie to najlepszy spos\u00f3b aby zadba\u0107 o sw\u00f3j zdrowy u\u015bmiech.<br \/>\nStomatolog Olsztyn Dentysta Katarzyna \u017b\u00f3\u0142kiewicz-Kaba\u0107 tworzy w swoich gabinetach atmosfer\u0119 bezpiecze\u0144stwa. Nowoczesny wystr\u00f3j oraz Najlepsze narz\u0119dzia pozawalaj\u0105 \u015bwiadczy\u0107 us\u0142ugi na najwy\u017cszym poziomie. dentysta olsztyn stomatolog polnadent. Pani Katarzyna \u017b\u00f3\u0142kiewicz Kaba\u0107 to doskona\u0142y lekarz medycyny stomatologicznej. Jej specjalno\u015b\u0107 to stomatologia dzieci\u0119ca wi\u0119c jej gabinety to doskona\u0142e miejsce aby zadba\u0107 o zdrowy u\u015bmiech ca\u0142ej rodziny.<br \/>\nOdpowiednie podej\u015bcie do pacjenta to jej klucz do sukcesu.<br \/>\nWizyta u Dentysty W Olsztynie to najlepszy spos\u00f3b aby zadba\u0107 o sw\u00f3j zdrowy u\u015bmiech.<\/p>\n<h5>Chirurgia stomatologiczna<\/h5>\n<p>Stomatolog Olsztyn Dentysta Katarzyna \u017b\u00f3\u0142kiewicz-Kaba\u0107 tworzy w swoich gabinetach atmosfer\u0119 bezpiecze\u0144stwa. Nowoczesny wystr\u00f3j oraz Najlepsze narz\u0119dzia pozawalaj\u0105 \u015bwiadczy\u0107 us\u0142ugi na najwy\u017cszym poziomie. dentysta olsztyn stomatolog polnadent. Pani Katarzyna \u017b\u00f3\u0142kiewicz Kaba\u0107 to doskona\u0142y lekarz medycyny stomatologicznej. Jej specjalno\u015b\u0107 to stomatologia dzieci\u0119ca wi\u0119c jej gabinety to doskona\u0142e miejsce aby zadba\u0107 o zdrowy u\u015bmiech ca\u0142ej rodziny.<br \/>\nOdpowiednie podej\u015bcie do pacjenta to jej klucz do sukcesu.<br \/>\nWizyta u Dentysty W Olsztynie to najlepszy spos\u00f3b aby zadba\u0107 o sw\u00f3j zdrowy u\u015bmiech.<br \/>\nStomatolog Olsztyn Dentysta Katarzyna \u017b\u00f3\u0142kiewicz-Kaba\u0107 tworzy w swoich gabinetach atmosfer\u0119 bezpiecze\u0144stwa. Nowoczesny wystr\u00f3j oraz Najlepsze narz\u0119dzia pozawalaj\u0105 \u015bwiadczy\u0107 us\u0142ugi na najwy\u017cszym poziomie.<br \/>\n<a href=\"https:\/\/polnadent.pl\/index.php\/home\/zakres-uslug\/\">https:\/\/polnadent.pl\/index.php\/home\/zakres-uslug\/<\/a><br \/>\n<a href=\"http:\/\/colgate.pl\">Strona Domowa Colgate<\/a><br \/>\n<img decoding=\"async\" src=\"https:\/\/polnadent.pl\/\" alt=\"Logo Polnadent dentysta olsztyn\" \/>\n<\/div>\n","protected":false},"excerpt":{"rendered":"<p>Dentysta, Stomatolog Olsztyn. Dentysta Olsztyn Katarzyna \u017b\u00f3\u0142kiewicz-Kaba Dentysta Olsztyn Katarzyna \u017b\u00f3\u0142kiewicz-Kaba\u0107 Pracownia Stomatologiczna Ul. Polna 14\/1 Zdrowy u\u015bmiech pi\u0119kny u\u015bmiech<\/p>\n","protected":false},"author":1,"featured_media":0,"parent":0,"menu_order":0,"comment_status":"closed","ping_status":"open","template":"","meta":{"footnotes":""},"aioseo_notices":[],"_links":{"self":[{"href":"https:\/\/polnadent.pl\/index.php\/wp-json\/wp\/v2\/pages\/5"}],"collection":[{"href":"https:\/\/polnadent.pl\/index.php\/wp-json\/wp\/v2\/pages"}],"about":[{"href":"https:\/\/polnadent.pl\/index.php\/wp-json\/wp\/v2\/types\/page"}],"author":[{"embeddable":true,"href":"https:\/\/polnadent.pl\/index.php\/wp-json\/wp\/v2\/users\/1"}],"replies":[{"embeddable":true,"href":"https:\/\/polnadent.pl\/index.php\/wp-json\/wp\/v2\/comments?post=5"}],"version-history":[{"count":41,"href":"https:\/\/polnadent.pl\/index.php\/wp-json\/wp\/v2\/pages\/5\/revisions"}],"predecessor-version":[{"id":833,"href":"https:\/\/polnadent.pl\/index.php\/wp-json\/wp\/v2\/pages\/5\/revisions\/833"}],"wp:attachment":[{"href":"https:\/\/polnadent.pl\/index.php\/wp-json\/wp\/v2\/media?parent=5"}],"curies":[{"name":"wp","href":"https:\/\/api.w.org\/{rel}","templated":true}]}}